.
21
What is the remainder when 502 is divided by 5?
2
What is the remainder when 832 is divided by 67?
28
Calculate the remainder when 27 is divided by 17.
10
Calculate the remainder when 375 is divided by 196.
179
Calculate the remainder when 96 is divided by 51.
45
Calculate the remainder when 77 is divided by 8.
5
Calculate the remainder when 197 is divided by 62.
11
Calculate the remainder when 207 is divided by 16.
15
Calculate the remainder when 352 is divided by 71.
68
Calculate the remainder when 11 is divided by 4.
3
Calculate the remainder when 2697 is divided by 6.
3
Calculate the remainder when 17942 is divided by 37.
34
Calculate the remainder when 23 is divided by 17.
6
Calculate the remainder when 540 is divided by 148.
96
What is the remainder when 9506 is divided by 15?
11
Calculate the remainder when 438 is divided by 49.
46
Calculate the remainder when 241 is divided by 59.
5
Calculate the remainder when 88 is divided by 34.
20
Calculate the remainder when 1048 is divided by 22.
14
What is the remainder when 124 is divided by 69?
55
Calculate the remainder when 480 is divided by 23.
20
Calculate the remainder when 183 is divided by 5.
3
What is the remainder when 558 is divided by 34?
14
Calculate the remainder when 297 is divided by 116.
65
Calculate the remainder when 654 is divided by 172.
138
What is the remainder when 93 is divided by 16?
13
What is the remainder when 8227 is divided by 54?
19
Calculate the remainder when 552 is divided by 142.
126
What is the remainder when 16 is divided by 1?
0
Calculate the remainder when 86 is divided by 24.
14
What is the remainder when 240 is divided by 55?
20
What is the remainder when 789 is divided by 288?
213
Calculate the remainder when 314 is divided by 30.
14
What is the remainder when 183 is divided by 61?
0
Calculate the remainder when 117 is divided by 103.
14
What is the remainder when 259 is divided by 33?
28
What is the remainder when 163 is divided by 69?
25
What is the remainder when 657 is divided by 137?
109
Calculate the remainder when 5279 is divided by 1054.
9
What is the remainder when 148 is divided by 38?
34
What is the remainder when 545 is divided by 532?
13
What is the remainder when 2682 is divided by 15?
12
What is the remainder when 1700 is divided by 27?
26
Calculate the remainder when 199 is divided by 21.
10
What is the remainder when 568 is divided by 30?
28
What is the remainder when 378 is divided by 53?
7
What is the remainder when 399 is divided by 188?
23
What is the remainder when 33 is divided by 12?
9
Calculate the remainder when 61 is divided by 56.
5
Calculate the remainder when 368 is divided by 170.
28
Calculate the remainder when 826 is divided by 23.
21
What is the remainder when 33974 is divided by 21?
17
Calculate the remainder when 236 is divided by 56.
12
What is the remainder when 398 is divided by 28?
6
Calculate the remainder when 600 is divided by 87.
78
Calculate the remainder when 1141 is divided by 88.
85
What is the remainder when 1115 is divided by 368?
11
Calculate the remainder when 3076 is divided by 38.
36
What is the remainder when 142 is divided by 39?
25
What is the remainder when 319 is divided by 9?
4
Calculate the remainder when 57 is divided by 15.
12
Calculate the remainder when 28459 is divided by 266.
263
Calculate the remainder when 150 is divided by 51.
48
What is the remainder when 10535 is divided by 18?
5
What is the remainder when 22836 is divided by 41?
40
What is the remainder when 104 is divided by 5?
4
Calculate the remainder when 416 is divided by 81.
11
Calculate the remainder when 97 is divided by 25.
22
Calculate the remainder when 781 is divided by 17.
16
What is the remainder when 752 is divided by 26?
24
What is the remainder when 828 is divided by 275?
3
Calculate the remainder when 2566 is divided by 214.
212
Calculate the remainder when 237 is divided by 125.
112
What is the remainder when 4 is divided by 1?
0
What is the remainder when 161 is divided by 18?
17
What is the remainder when 141 is divided by 42?
15
What is the remainder when 1634 is divided by 165?
149
What is the remainder when 1229 is divided by 10?
9
Calculate the remainder when 3528 is divided by 14.
0
Calculate the remainder when 130 is divided by 35.
25
What is the remainder when 12189 is divided by 96?
93
What is the remainder when 403 is divided by 26?
13
What is the remainder when 259 is divided by 94?
71
Calculate the remainder when 372 is divided by 201.
171
Calculate the remainder when 8658 is divided by 14.
6
Calculate the remainder when 305 is divided by 44.
41
Calculate the remainder when 54 is divided by 34.
20
Calculate the remainder when 454 is divided by 226.
2
Calculate the remainder when 3413 is divided by 61.
58
Calculate the remainder when 151 is divided by 7.
4
Calculate the remainder when 121 is divided by 26.
17
Calculate the remainder when 247 is divided by 42.
37
Calculate the remainder when 365 is divided by 8.
5
What is the remainder when 29596 is divided by 100?
96
What is the remainder when 330 is divided by 188?
142
Calculate the remainder when 14400 is divided by 215.
210
Calculate the remainder when 1855 is divided by 10.
5
What is the remainder when 2916 is divided by 21?
18
What is the remainder when 48 is divided by 17?
14
Calculate the remainder when 4497 is divided by 45.
42
What is the remainder when 871 is divided by 262?
85
Calculate the remainder when 1165 is divided by 73.
70
Calculate the remainder when 9245 is divided by 125.
120
Calculate the remainder when 597 is divided by 199.
0
What is the remainder when 1116 is divided by 223?
1
What is the remainder when 4640 is divided by 927?
5
Calculate the remainder when 137 is divided by 10.
7
What is the remainder when 3736 is divided by 87?
82
Calculate the remainder when 1114 is divided by 70.
64
What is the remainder when 594 is divided by 33?
0
Calculate the remainder when 1805 is divided by 14.
13
Calculate the remainder when 38 is divided by 2.
0
Calculate the remainder when 53 is divided by 2.
1
What is the remainder when 432 is divided by 88?
80
Calculate the remainder when 97 is divided by 16.
1
What is the remainder when 2985 is divided by 9?
6
Calculate the remainder when 810 is divided by 29.
27
Calculate the remainder when 487 is divided by 124.
115
Calculate the remainder when 99 is divided by 44.
11
Calculate the remainder when 939 is divided by 184.
19
Calculate the remainder when 104 is divided by 50.
4
Calculate the remainder when 20 is divided by 3.
2
What is the remainder when 292 is divided by 49?
47
Calculate the remainder when 13566 is divided by 116.
110
Calculate the remainder when 115 is divided by 35.
10
Calculate the remainder when 151 is divided by 13.
8
What is the remainder when 1517 is divided by 95?
92
What is the remainder when 433 is divided by 147?
139
What is the remainder when 621 is divided by 85?
26
Calculate the remainder when 490 is divided by 41.
39
Calculate the remainder when 1597 is divided by 64.
61
What is the remainder when 960 is divided by 73?
11
What is the remainder when 250 is divided by 67?
49
Calculate the remainder when 193 is divided by 49.
46
What is the remainder when 190 is divided by 39?
34
What is the remainder when 462 is divided by 114?
6
What is the remainder when 4048 is divided by 270?
268
Calculate the remainder when 1670 is divided by 153.
140
What is the remainder when 695 is divided by 111?
29
What is the remainder when 74 is divided by 12?
2
Calculate the remainder when 1932 is divided by 15.
12
What is the remainder when 48207 is divided by 262?
261
What is the remainder when 3732 is divided by 26?
14
Calculate the remainder when 147 is divided by 54.
39
Calculate the remainder when 53 is divided by 30.
23
What is the remainder when 141 is divided by 22?
9
Calculate the remainder when 432 is divided by 73.
67
What is the remainder when 1836 is divided by 604?
24
Calculate the remainder when 248 is divided by 66.
50
Calculate the remainder when 2413 is divided by 302.
299
Calculate the remainder when 30 is divided by 17.
13
What is the remainder when 1791 is divided by 7?
6
Calculate the remainder when 1063 is divided by 71.
69
What is the remainder when 